 the greatest common factor of w and 104?
26
Let y = 23454 + -23299. What is the greatest common factor of y and 5084?
31
Let l(y) = y**3 + 17*y**2 + 13*y + 41. Let u be l(-15). Suppose -5*o + 99 = -2*d - 256, 4*o - u = 4*d. What is the greatest common factor of o and 46?
23
Let m = 5502 - 5232. Calculate the greatest common factor of m and 594.
54
Suppose 75*z - 79*z + 3*s + 16934 = 0, 5*z - 21185 = -5*s. Calculate the greatest common factor of 242 and z.
121
Suppose 280 - 318 = -q. What is the greatest common divisor of 1387 and q?
19
Suppose -8 = 3*l + 3*j + 13, -j - 11 = 3*l. Let s be 2*(7 - 13)*l/6. Let u(b) = b**2 + 4*b - 4. Let p be u(s). What is the highest common factor of p and 70?
14
Let s = 5 - 16. Let h = s - -9. Let i be ((-12)/(-15) + h)/((-1)/5). What is the greatest common divisor of 114 and i?
6
Suppose 21 - 389 = 2*d. Let n be (5 + (-69)/12)*d. What is the greatest common factor of n and 115?
23
Suppose 12955*g - 12977*g = -69542. Calculate the highest common factor of g and 145.
29
Let l be 2 - (-225 - (5 - 1)). Let p = 148 + -94. Let q = p + -33. Calculate the highest common factor of l and q.
21
Let a(i) = 3*i**2 + 29*i - 285. Let u(y) = 2*y**2 + 20*y - 190. Let t(p) = -5*a(p) + 8*u(p). Let v be t(10). What is the greatest common factor of v and 124?
31
Let b = -28033 + 29065. Calculate the greatest common divisor of b and 1634.
86
Suppose 10*r + 5*o = 8*r - 379, 3*o = -5*r - 957. Let f be (-35892)/r + 1/16. What is the highest common divisor of 34 and f?
17
Let k = -224 + 229. Let g(z) = 2*z**3 - 24*z**2 + 16*z - 37. Let a be g(12). What is the highest common divisor of a and k?
5
Suppose -7 - 2 = -a. Let b(h) = -12*h - 67. Let x be b(-5). Let v be 21 + (x - -13 - 0). Calculate the highest common factor of v and a.
9
Suppose -68*k = 88*k - 16224. Calculate the greatest common divisor of k and 2808.
104
Let a be 6/(-16) - (-376557)/248. Suppose 46*k = -46 + a. Calculate the greatest common divisor of 992 and k.
32
Let b(k) = k**3 + 2*k**2 - 5*k - 5. Let z be b(4). What is the highest common factor of 7 and z?
1
Suppose 4*c - 254 + 246 = 0. Suppose 36 = 6*n - 2*n + 2*r, -2*n - c*r + 16 = 0. What is the greatest common factor of n and 130?
10
Let o be -2 - -5 - (7 + 3). Let l(x) = 5*x**2 - 4*x - 86. Let y be l(o). Calculate the highest common divisor of 51 and y.
17
Let o = -2077 + 3177. Let a = -72 - -127. Calculate the highest common factor of o and a.
55
Let q be 2/6 - 700/(-6). Let d = 29830 + -29635. Calculate the highest common divisor of d and q.
39
Let u(v) = v**3 + 4*v**2 + 1. Let o be u(-4). Let x = 6 + o. Let m = 108 + -107. What is the highest common factor of x and m?
1
Suppose -5*v = 2*b - 155 - 72, 0 = -2*v + 3*b + 87. Let y be 6/v + (-3013)/(-15). Let i = y + 2. What is the greatest common divisor of i and 29?
29
Let b = -16589 - -17093. Calculate the greatest common divisor of b and 1176.
168
Let s = 5 + -3. Suppose -4*n = y - 4*y + 7, -2*y + 2 = -s*n. Let d = n + 26. What is the highest common divisor of d and 88?
22
Suppose 2*r - 3*s = 177, 86 = 62*r - 61*r - 2*s. Calculate the greatest common divisor of r and 189.
3
Let l be 62 + -11 + (0/1)/(10 - 8). What is the greatest common factor of 9231 and l?
51
Let a = -1197 + 1263. What is the greatest common factor of 5797 and a?
11
Suppose -2*k + 288 = -4*y, 0*k - 4*k = -4*y - 596. Suppose 2*b + k = 9*b. Calculate the highest common divisor of b and 121.
11
Suppose -45*h - 3264 = -46*h - 4*m, -2*h + 6539 = -3*m. Calculate the greatest common factor of 532 and h.
76
Let n(g) = -39*g + 24. Let h be n(-9). Suppose 10*b - 5*b - 5*x - h = 0, 3*x = 5*b - 375. Calculate the highest common factor of b and 60.
15
Let c(u) = u**3 - 7*u**2 + 3*u. Let r be c(7). Let g = 257310 + -257023. Calculate the highest common factor of g and r.
7
Let m(k) = k**3 - 4*k**2 - 11*k - 12. Let w be m(6). Let v be (1*21)/(w - 357/(-56)). What is the highest common factor of v and 24?
8
Suppose -d + 5*d = 24. Suppose 0 = -15*m - 11 - 19. Let f be (-3)/m - 930/(-20). Calculate the greatest common factor of f and d.
6
Let a = 58892 - 58876. Let m = 106 - 70. What is the greatest common divisor of a and m?
4
Let w = 56948 + -34250. What is the greatest common factor of 78 and w?
78
Let i be (-300)/14*9632/(-516). What is the greatest common divisor of i and 72?
8
Let s = 649 - 459. Suppose 0*m = 44*m - 1672. What is the highest common factor of m and s?
38
Let d(q) = -13*q**2 + 144*q - 14. Let z be d(10). What is the greatest common factor of z and 4473?
63
Let u(k) = -2*k + 48. Let s be u(12). Suppose -4*o = -w + s, -6*o + 7*o = 4*w - 51. Let a = -4 + w. What is the highest common divisor of 12 and a?
4
Let b = 718 - 443. Let j be 55/b - (-959)/5. What is the greatest common divisor of 64 and j?
64
Let a be (66/27)/(10/90). Suppose -v - 2*y = -118, -5*y + 58 = -4*v + 478. What is the greatest common divisor of a and v?
22
Suppose -20*n + 4*n = -8*n. Suppose -5*f = 2*m - 18, -17*f + 21*f + 2*m - 16 = n. What is the highest common divisor of f and 8?
2
Let d be 34/(-85) + (-1904)/(-85). What is the highest common factor of d and 682?
22
Suppose 4584 = 27*g - 1896. Suppose -5 = -5*v, -2*v = 3*u - 129 + 37. What is the highest common factor of u and g?
30
Suppose 3*q = -2 + 80. Let s = 192 + -96. Let h = -44 + s. Calculate the greatest common divisor of q and h.
26
Let h(m) = 2*m**3 - 35*m**2 - 15*m - 10. Let s = -264 + 282. Let f be h(s). Calculate the highest common divisor of f and 77.
11
Let h be (1/3)/(2/(-6)). Let t(f) = -41*f**3 + f**2 + f. Let m be t(h). Let v = -59639 - -59680. What is the highest common divisor of v and m?
41
Suppose -58*i = -60*i + 20. Suppose -17*y = -i*y - 1001. Calculate the greatest common factor of 26 and y.
13
Suppose 3*c = -2*c - 4*r - 80, -3*c + 2*r - 70 = 0. Let o be (-620)/c + (0 - 1). Calculate the highest common divisor of 90 and o.
30
Suppose -4*y = 4*a - 2204, 0*a = -3*a + 6. Suppose 3*r = -z + 329, -4*r - r - z + y = 0. Calculate the greatest common divisor of 11 and r.
11
Let h be ((-935)/30)/(-17) - 44/(-264). Suppose -c + 0*c = -4. What is the highest common divisor of h and c?
2
Let c = -2484 - -2689. What is the highest common divisor of c and 533?
41
Let f(r) = -38*r - 44. Let w be f(-7). Let d = -370 + 444. Calculate the highest common factor of d and w.
74
Let a(z) = z**3 - 228. Let d be 1*(12/(-3) - -4). Let s be a(d). Let o = 338 + s. What is the greatest common divisor of 44 and o?
22
Suppose -8 = -y + n, n + 0*n - 4 = -2*y. Suppose -4*t + 124 = 5*v, 9*v - 160 = y*v + 5*t. What is the highest common factor of 7 and v?
7
Let w be (-15)/((-2)/(5 + -3)). Suppose 0 = -2*k + 6*k + a + 53, -5*a - 85 = 5*k. Let p = k + w. Calculate the highest common divisor of p and 2.
1
Let z = 14476 + -8572. What is the highest common factor of 144 and z?
144
Suppose u = 5, 0 = 4*j - u + 20 - 75. Let q be 1/1 + j + 1 + 3. Let o = -23 + 53. Calculate the greatest common factor of o and q.
10
Let d = 3059 - 2753. Calculate the greatest common divisor of d and 544.
34
Let a(g) = -g**2 + 224*g + 1733. Let s be a(-7). Suppose -4*r + 5 = -111. Calculate the greatest common divisor of s and r.
29
Let c be (-1404)/(-8) + 5/(-2) + 2. Suppose 2*k = -5*p + 50, -3*k + 6*k = -4*p + 75. What is the greatest common divisor of c and k?
25
Suppose -c + 9 + 5 = 4*p, 1 = p. Suppose 2*y + 5*n = -c, -3*y + n + 3 = 4*n. What is the greatest common divisor of y and 10?
5
Let s(b) = 8*b**2 - 616*b + 4889. Let i be s(8). Suppose m - 10 - 136 = 0. Let g = -103 + m. What is the greatest common factor of i and g?
43
Let r(y) be the first derivative of -y**4/4 - 3*y**3 + 2*y**2 + 9*y + 192. Let h be r(-10). Calculate the greatest common factor of 368 and h.
23
Suppose -4*b = -16, -4*b + 28 = -6*v + 9*v. Suppose 3*y + 4*p + 6 = 0, y + 21 = 4*y - 5*p. Calculate the highest common divisor of y and v.
2
Let k(x) = -3*x + 5. Let v be k(-5). Let r = -4394 - -4344. Let y be ((-8)/10)/(v/r). Calculate the highest common divisor of 1 and y.
1
Let s = 328 - 323. Let o be (-2064)/(-8) + (s - 2). Let b = -25 - -54. Calculate the greatest common factor of o and b.
29
Let a(z) be the third derivative of 13*z**4/24 + 7*z**3/6 - 61*z**2. Let b be a(1). What is the greatest common divisor of 90 and b?
